se 0 = -3*d - 3 - 6. Is (7184/(-24))/(2/d) a composite number?
False
Let w = -6 + 0. Let c = 10 + w. Suppose 3*m + 5*p = -0*m + 31, c*m - p - 3 = 0. Is m composite?
False
Suppose -5*g = -2*m - 3*m + 65, 3*m - 27 = -g. Is m composite?
True
Let n(a) = a**3 - 6*a**2 + 7*a - 7. Let t be n(5). Suppose 546 = t*v - 0*v. Suppose 0 = -2*j + v + 240. Is j a composite number?
False
Is 2420/36 - 4/18 composite?
False
Let f = 19 - -31. Let m = f - 29. Is m prime?
False
Let y(p) = 76*p + 63. Is y(19) composite?
True
Let h = -222 - -513. Is h a prime number?
False
Suppose 0 = -f - 2*n + 7, -f + 2*n = f - 2. Suppose 0 = -2*r - 1 + 3, f*w - r = 20. Let s(g) = g**2 - 4*g + 2. Is s(w) a composite number?
False
Suppose -5*q - 4*r + 30 = 0, -3*r + 27 = q + 2*r. Suppose -d = 2*m - 37, m + q*d - 2 = 9. Is m a prime number?
False
Let f(l) = l**3 + 11*l**2 - 2*l + 19. Is f(-6) a prime number?
True
Suppose -35 = -2*i - c + 65, 0 = i - c - 53. Is i prime?
False
Suppose 4*m - 5*s + 0*s = 10411, 4*m - 10416 = 4*s. Is m composite?
False
Let w be (2/5)/(6/90). Suppose -4*o - 2*j = -416, j - 93 = -o + w*j. Is o prime?
True
Let t be 2/(-6) - 1/(-3). Suppose m - 1 - 2 = t. Suppose -19 = -5*g + h, -15 = -5*g + m*h + 2*h. Is g composite?
True
Let g be 133/9 + (-4)/(-18). Suppose 4 = q + 5*r + 1, q = r + 3. Suppose g = q*s - 2*o, 3*o + 24 = 3*s - 2*o. Is s composite?
False
Is (2/(-6))/((-3)/126) a prime number?
False
Let m(o) = -67*o - 11. Is m(-4) prime?
True
Let j = 49 - 217. Let t = 245 + j. Is t a prime number?
False
Let l(w) be the first derivative of -w**2/2 - 6*w - 2. Let t be l(-6). Suppose 6 = 3*a, -37 = -t*k - k - a. Is k composite?
True
Is 176 - 2 - -4 - -3 a prime number?
True
Let d(n) be the first derivative of -n**5/20 - n**4/4 + 4*n**3/3 + 3*n**2/2 + 2*n + 1. Let w(q) be the first derivative of d(q). Is w(-5) composite?
False
Let p = 8 + -5. Suppose -p*x = -4*g - 80 - 53, -4*x + 3*g + 182 = 0. Is x a composite number?
False
Suppose 5*y + 6 = 2*b - 0*y, 0 = -3*b - 2*y - 10. Is b/(-4)*(2 - -26) composite?
True
Let p = 476 - 186. Suppose 5*j + 0*j - p = 0. Is j composite?
True
Is (3006/(-27))/(2/(-3)) prime?
True
Let z(p) = 192*p**2 - 1. Let h(m) = m**2 - 1. Let r(v) = -h(v) + z(v). Is r(-1) a composite number?
False
Let u be 1 - 1 - (97 + -3). Is (8 + -5)/((-2)/u) prime?
False
Suppose -3*h + x = -7*h + 7248, 5*h + 3*x = 9067. Is h a composite number?
False
Let w = -8 + 12. Suppose w*r - 476 = -120. Is r a composite number?
False
Is (10/(-3))/(32/(-8016)) prime?
False
Let u(o) = 84*o**2 + 3. Is u(-6) composite?
True
Let v = 1409 + -398. Is v a composite number?
True
Suppose -2*x + 2224 = 2*x - 4*n, -x + 544 = 5*n. Suppose 2*m = -4*a - 3*m + x, -a + 134 = -m. Suppose -25 + a = 3*c. Is c composite?
False
Suppose -3*z - 1 = 4*j, 5*j + 3*z + 2 + 0 = 0. Is (-275)/(-5) - (-2)/j composite?
False
Suppose 8*q = 5*q. Suppose -2*i - 5 = 3*j - 118, q = 5*j + 2*i - 191. Is j composite?
True
Suppose -4*f = -2*f. Suppose h + h - 78 = f. Is h a prime number?
False
Suppose 3*a = b + 14, 6*b - b + a - 10 = 0. Let d be 1/(b - (-48)/(-45)). Let h = 34 + d. Is h a composite number?
False
Let w be (-6)/(-10) - 171/(-15). Suppose -2*v = -6*v + w, -4*a - 2*v + 578 = 0. Is a composite?
True
Suppose -81897 = -11*i + 6026. Is i a composite number?
False
Suppose 3280 = -5*h + 9665. Is h prime?
True
Let y(c) = 24*c + 1. Let r(k) = -23*k - 2. Let j(h) = 2*r(h) + 3*y(h). Let v(x) = -x**3 + 6*x**2 + x - 3. Let i be v(6). Is j(i) composite?
True
Suppose 4*y - 2*y = 4*c - 8, 2*y - c - 4 = 0. Suppose -y*h = w + 4, -4*w = 2*h - 6*h + 16. Let v = 11 + w. Is v prime?
True
Let m(k) = -12*k - 18 - 18*k**2 + 4*k + 19*k**2. Is m(15) a composite number?
True
Let w(f) be the second derivative of 1/2*f**2 + 0 - 3/4*f**5 + 1/6*f**3 - 2*f + 0*f**4. Is w(-1) a composite number?
True
Let g(r) = r**2 + r. Let t be g(-1). Suppose 4*f = -t*f - 84. Is (-1413)/f - 4/14 composite?
False
Let f = 241 + -122. Is f a prime number?
False
Is 4/4*(32 - -3) a composite number?
True
Let j(d) = 3 - d**3 - 5*d**2 - 5*d - 2*d**2 + 12*d. Is j(-8) a composite number?
False
Is (3 - 2)/((-1)/(-203)) composite?
True
Let t = 2 - 5. Is 42/2*(-1)/t a prime number?
True
Let r be (6 + -3)/((-3)/(-2)). Suppose -58 = -5*y - 0*h - r*h, -3*y = 4*h - 46. Suppose -9*j + y*j - 487 = 0. Is j a composite number?
False
Let y(k) be the third derivative of 0*k + 0*k**5 + 1/12*k**4 + 3*k**2 + 1/6*k**3 - 5/2*k**6 + 0. Is y(-1) composite?
True
Let t(n) = 155*n - 27. Is t(16) prime?
False
Let h(x) = 11*x**2 - 2*x - 5. Let p(d) = 21*d**2 - 4*d - 9. Let k(u) = -5*h(u) + 3*p(u). Is k(2) composite?
True
Let s(n) = n**3 + 22*n**2 + 17*n - 10. Is s(-21) a composite number?
True
Suppose -13*v - 4517 = -13539. Is v prime?
False
Let p(q) = -q**2 + 6*q + 10. Let f be p(7). Suppose 93 = -f*d + 6*d. Is d a composite number?
False
Suppose 3*d + 161 + 556 = 0. Let f be (0 - 4)*(-81)/(-2). Let q = f - d. Is q a composite number?
True
Suppose 4*i - 1168 = -m, 5*i - 5*m = -8*m + 1467. Is i a composite number?
True
Suppose -h = -0*h - 552. Let i = -367 + h. Suppose 4*w + w = i. Is w a prime number?
True
Suppose -k = 2 - 68. Suppose -5*f + k = -59. Is f composite?
True
Suppose -3*w + 6 = -w. Suppose -2*v = 4*o - 60, 4*v - 3*o - 50 = w*v. Is v a prime number?
False
Let g = 9 + -6. Suppose 8 + 23 = s + 4*b, g*s = -b + 126. Is s composite?
False
Let s be (6/4)/(9/24). Let l(d) = -7*d + s + 1 + d. Is l(-5) composite?
True
Let q be (-1 - 4)*8/10. Let g = q + 7. Suppose 0 = 7*p - 2*p + 4*k - 73, -p + g = -5*k. Is p composite?
False
Let l = -9 - -1. Let n(f) = f**3 + 8*f**2 - 4*f - 3. Let d be n(l). Suppose 0 = p + 4*c - d, 3*c = -p - 0*p + 28. Is p composite?
True
Let c(n) = n**2 - 3*n + 14. Is c(-12) a prime number?
False
Suppose -2*t + 3*v = -162, 3*v - 356 = -4*t + v. Suppose 2*f - 3*p = 205 - 30, t = f - 2*p. Is f a composite number?
False
Suppose -3*y + 445 = 2*y. Is y composite?
False
Suppose -t + 409 - 18 = -5*c, 0 = 5*c + 4*t + 411. Let p = c - -510. Is p a composite number?
False
Suppose 2*b + 3*m = -2*b, 5*m = -5*b. Let p = b + 3. Suppose p*l - s - 114 = 0, 0 = 3*s + 12 - 3. Is l composite?
False
Suppose 23 = 5*c + 3. Suppose -o - 1105 = -5*y, 419 = y + y - 5*o. Suppose y = c*f - 94. Is f composite?
False
Suppose -8 = -d - x, d + x = -2*x + 16. Suppose -b - 4*k = -d*b + 19, -4*b - 3*k = -17. Suppose 0*w + b*w = 95. Is w prime?
True
Suppose -y + 2*y - 4 = 0. Suppose 5*i + l - 13 = 0, 0 = y*i - l - 3*l - 20. Is 3/(0 + i) + 36 a composite number?
False
Let u = 15 - 10. Let y = -6 + u. Is (-634)/(-8) + y/4 prime?
True
Let b be (-1)/(3/(-42)*2). Suppose d = 4*r - 1041, 3*r + 3*d - 797 = b*d. Is r a composite number?
True
Let t(p) = 2*p**2 + 2*p - 9 + 10 - 60*p**3 - 105*p**3. Is t(-1) a composite number?
True
Let z(u) = 34*u + 7. Let x(w) = w - 1. Let m(y) = 3*x(y) + z(y). Let g be m(3). Suppose -4*q + g - 11 = 0. Is q a composite number?
True
Let a(d) = d - 4. Let x be a(7). Let u be 82 - x/(3/(-2)). Let m = -35 + u. Is m composite?
True
Let h(l) = 3*l**2 + 7. Let k be h(7). Let o = -79 + k. Suppose 4*v - 75 = -2*q + o, 0 = -4*q - 4*v + 304. Is q a prime number?
False
Let v be 10/(-14) - -1 - (-1947)/21. Let i = 14 - 8. Is v/i + (-2)/4 a composite number?
True
Suppose 3*l - 913 - 164 = 0. Is l prime?
True
Let x be 3*-2*(-20)/6. Is (x/25)/((-2)/(-25)) composite?
True
Let z = -1 - 1. Let v be (z + 10/4)*4. Is (287/(-21))/(v/(-12)) prime?
False
Suppose 1 = -3*g + 3*q + 4, -3*g - 2*q + 13 = 0. Suppose 0 = a - 2*p + 3 - 1, -3*p = -3*a + g. Suppose a*d = 14 + 86. Is d a prime number?
False
Suppose a + 2*p - 5*p - 135 = 0, 431 = 3*a + 4*p. Is a a prime number?
False
Let t(n) be the first derivative of n**3/3 + n**2/2 + 1. Let k(o) = o - 3. Let i be k(0). Is t(i) a composite number?
True
Suppose 5*y = -2*o - 489, -5*o - 74 = 3*y + 227. Let f = -64 - y. Is f composite?
True
Suppose -7 = -2*t + a - 24, -1 = -2*t - 5*a. Let n(i) = 8*i**2 - 7*i + 16. Is n(t) a prime number?
True
Suppose 3*t = 2*w - 258, 4*w + t - 777 + 275 = 0. Let b = 75 - w. Let f = b - -84. Is f composite?
True
Is 1960/16 + 3/6 a composite number?
True
Suppose -3*i - 2*i = -2*r + 185, -4*i + 384 = 4*r. Is r composite?
True
Suppose -10 = 2*m + 26. Let d = 28 + m. Is d prime?
False
Let r(l) = -258*l - 37. Is r(-6) pri